{"id":10650,"date":"2024-10-11T15:36:52","date_gmt":"2024-10-11T13:36:52","guid":{"rendered":"https:\/\/alpenda.ch\/projet\/strasse-winkelried-8\/"},"modified":"2025-07-21T11:10:59","modified_gmt":"2025-07-21T09:10:59","slug":"strasse-winkelried-8","status":"publish","type":"reference","link":"https:\/\/alpenda.ch\/de\/projet\/strasse-winkelried-8\/","title":{"rendered":"Stra\u00dfe Winkelried 8"},"template":"","reference_type":[433],"building_type":[481],"reference_canton":[416],"reference_city":[417],"class_list":["post-10650","reference","type-reference","status-publish","hentry","reference_type-renovierung","building_type-verwaltungsgebaude-burogebaude","reference_canton-genf","reference_city-genf"],"acf":[],"yoast_head":"<!-- This site is optimized with the Yoast SEO plugin v28.4 - https:\/\/yoast.com\/product\/yoast-seo-wordpress\/ -->\n<title>Stra\u00dfe Winkelried 8 - Alpenda<\/title>\n<meta name=\"robots\" content=\"index, follow, max-snippet:-1, max-image-preview:large, max-video-preview:-1\" \/>\n<link rel=\"canonical\" href=\"https:\/\/alpenda.ch\/de\/projet\/strasse-winkelried-8\/\" \/>\n<meta property=\"og:locale\" content=\"de_DE\" \/>\n<meta property=\"og:type\" content=\"article\" \/>\n<meta property=\"og:title\" content=\"Stra\u00dfe Winkelried 8 - Alpenda\" \/>\n<meta property=\"og:url\" content=\"https:\/\/alpenda.ch\/de\/projet\/strasse-winkelried-8\/\" \/>\n<meta property=\"og:site_name\" content=\"Alpenda\" \/>\n<meta property=\"article:modified_time\" content=\"2025-07-21T09:10:59+00:00\" \/>\n<meta name=\"twitter:card\" content=\"summary_large_image\" \/>\n<script type=\"application\/ld+json\" class=\"yoast-schema-graph\">{\"@context\":\"https:\\\/\\\/schema.org\",\"@graph\":[{\"@type\":\"WebPage\",\"@id\":\"https:\\\/\\\/alpenda.ch\\\/de\\\/projet\\\/strasse-winkelried-8\\\/\",\"url\":\"https:\\\/\\\/alpenda.ch\\\/de\\\/projet\\\/strasse-winkelried-8\\\/\",\"name\":\"Stra\u00dfe Winkelried 8 - Alpenda\",\"isPartOf\":{\"@id\":\"https:\\\/\\\/alpenda.ch\\\/de\\\/#website\"},\"datePublished\":\"2024-10-11T13:36:52+00:00\",\"dateModified\":\"2025-07-21T09:10:59+00:00\",\"breadcrumb\":{\"@id\":\"https:\\\/\\\/alpenda.ch\\\/de\\\/projet\\\/strasse-winkelried-8\\\/#breadcrumb\"},\"inLanguage\":\"de\",\"potentialAction\":[{\"@type\":\"ReadAction\",\"target\":[\"https:\\\/\\\/alpenda.ch\\\/de\\\/projet\\\/strasse-winkelried-8\\\/\"]}]},{\"@type\":\"BreadcrumbList\",\"@id\":\"https:\\\/\\\/alpenda.ch\\\/de\\\/projet\\\/strasse-winkelried-8\\\/#breadcrumb\",\"itemListElement\":[{\"@type\":\"ListItem\",\"position\":1,\"name\":\"Accueil\",\"item\":\"https:\\\/\\\/alpenda.ch\\\/de\\\/startseite\\\/\"},{\"@type\":\"ListItem\",\"position\":2,\"name\":\"R\u00e9f\u00e9rences\",\"item\":\"https:\\\/\\\/alpenda.ch\\\/de\\\/projet\\\/\"},{\"@type\":\"ListItem\",\"position\":3,\"name\":\"Stra\u00dfe Winkelried 8\"}]},{\"@type\":\"WebSite\",\"@id\":\"https:\\\/\\\/alpenda.ch\\\/de\\\/#website\",\"url\":\"https:\\\/\\\/alpenda.ch\\\/de\\\/\",\"name\":\"Alpenda\",\"description\":\"Avec Alpenda, num\u00e9ro un des ET\\\/EG en Suisse romande, nous proposons dans la r\u00e9gion des prestations architecturales vari\u00e9es pour la r\u00e9alisation d\u2019immeubles.\",\"potentialAction\":[{\"@type\":\"SearchAction\",\"target\":{\"@type\":\"EntryPoint\",\"urlTemplate\":\"https:\\\/\\\/alpenda.ch\\\/de\\\/?s={search_term_string}\"},\"query-input\":{\"@type\":\"PropertyValueSpecification\",\"valueRequired\":true,\"valueName\":\"search_term_string\"}}],\"inLanguage\":\"de\"}]}<\/script>\n<!-- \/ Yoast SEO plugin. -->","yoast_head_json":{"title":"Stra\u00dfe Winkelried 8 - Alpenda","robots":{"index":"index","follow":"follow","max-snippet":"max-snippet:-1","max-image-preview":"max-image-preview:large","max-video-preview":"max-video-preview:-1"},"canonical":"https:\/\/alpenda.ch\/de\/projet\/strasse-winkelried-8\/","og_locale":"de_DE","og_type":"article","og_title":"Stra\u00dfe Winkelried 8 - Alpenda","og_url":"https:\/\/alpenda.ch\/de\/projet\/strasse-winkelried-8\/","og_site_name":"Alpenda","article_modified_time":"2025-07-21T09:10:59+00:00","twitter_card":"summary_large_image","schema":{"@context":"https:\/\/schema.org","@graph":[{"@type":"WebPage","@id":"https:\/\/alpenda.ch\/de\/projet\/strasse-winkelried-8\/","url":"https:\/\/alpenda.ch\/de\/projet\/strasse-winkelried-8\/","name":"Stra\u00dfe Winkelried 8 - Alpenda","isPartOf":{"@id":"https:\/\/alpenda.ch\/de\/#website"},"datePublished":"2024-10-11T13:36:52+00:00","dateModified":"2025-07-21T09:10:59+00:00","breadcrumb":{"@id":"https:\/\/alpenda.ch\/de\/projet\/strasse-winkelried-8\/#breadcrumb"},"inLanguage":"de","potentialAction":[{"@type":"ReadAction","target":["https:\/\/alpenda.ch\/de\/projet\/strasse-winkelried-8\/"]}]},{"@type":"BreadcrumbList","@id":"https:\/\/alpenda.ch\/de\/projet\/strasse-winkelried-8\/#breadcrumb","itemListElement":[{"@type":"ListItem","position":1,"name":"Accueil","item":"https:\/\/alpenda.ch\/de\/startseite\/"},{"@type":"ListItem","position":2,"name":"R\u00e9f\u00e9rences","item":"https:\/\/alpenda.ch\/de\/projet\/"},{"@type":"ListItem","position":3,"name":"Stra\u00dfe Winkelried 8"}]},{"@type":"WebSite","@id":"https:\/\/alpenda.ch\/de\/#website","url":"https:\/\/alpenda.ch\/de\/","name":"Alpenda","description":"Avec Alpenda, num\u00e9ro un des ET\/EG en Suisse romande, nous proposons dans la r\u00e9gion des prestations architecturales vari\u00e9es pour la r\u00e9alisation d\u2019immeubles.","potentialAction":[{"@type":"SearchAction","target":{"@type":"EntryPoint","urlTemplate":"https:\/\/alpenda.ch\/de\/?s={search_term_string}"},"query-input":{"@type":"PropertyValueSpecification","valueRequired":true,"valueName":"search_term_string"}}],"inLanguage":"de"}]}},"_links":{"self":[{"href":"https:\/\/alpenda.ch\/de\/wp-json\/wp\/v2\/reference\/10650","targetHints":{"allow":["GET"]}}],"collection":[{"href":"https:\/\/alpenda.ch\/de\/wp-json\/wp\/v2\/reference"}],"about":[{"href":"https:\/\/alpenda.ch\/de\/wp-json\/wp\/v2\/types\/reference"}],"wp:attachment":[{"href":"https:\/\/alpenda.ch\/de\/wp-json\/wp\/v2\/media?parent=10650"}],"wp:term":[{"taxonomy":"reference_type","embeddable":true,"href":"https:\/\/alpenda.ch\/de\/wp-json\/wp\/v2\/reference_type?post=10650"},{"taxonomy":"building_type","embeddable":true,"href":"https:\/\/alpenda.ch\/de\/wp-json\/wp\/v2\/building_type?post=10650"},{"taxonomy":"reference_canton","embeddable":true,"href":"https:\/\/alpenda.ch\/de\/wp-json\/wp\/v2\/reference_canton?post=10650"},{"taxonomy":"reference_city","embeddable":true,"href":"https:\/\/alpenda.ch\/de\/wp-json\/wp\/v2\/reference_city?post=10650"}],"curies":[{"name":"wp","href":"https:\/\/api.w.org\/{rel}","templated":true}]}}

Straße Winkelried 8

<!-- This site is optimized with the Yoast SEO plugin v28.4 - https://yoast.com/product/yoast-seo-wordpress/ -->
<title>Straße Winkelried 8 - Alpenda</title>
<meta name="robots" content="index, follow, max-snippet:-1, max-image-preview:large, max-video-preview:-1" />
<link rel="canonical" href="https://alpenda.ch/de/projet/strasse-winkelried-8/" />
<meta property="og:locale" content="de_DE" />
<meta property="og:type" content="article" />
<meta property="og:title" content="Straße Winkelried 8 - Alpenda" />
<meta property="og:url" content="https://alpenda.ch/de/projet/strasse-winkelried-8/" />
<meta property="og:site_name" content="Alpenda" />
<meta property="article:modified_time" content="2025-07-21T09:10:59+00:00" />
<meta name="twitter:card" content="summary_large_image" />
<script type="application/ld+json" class="yoast-schema-graph">{"@context":"https:\/\/schema.org","@graph":[{"@type":"WebPage","@id":"https:\/\/alpenda.ch\/de\/projet\/strasse-winkelried-8\/","url":"https:\/\/alpenda.ch\/de\/projet\/strasse-winkelried-8\/","name":"Straße Winkelried 8 - Alpenda","isPartOf":{"@id":"https:\/\/alpenda.ch\/de\/#website"},"datePublished":"2024-10-11T13:36:52+00:00","dateModified":"2025-07-21T09:10:59+00:00","breadcrumb":{"@id":"https:\/\/alpenda.ch\/de\/projet\/strasse-winkelried-8\/#breadcrumb"},"inLanguage":"de","potentialAction":[{"@type":"ReadAction","target":["https:\/\/alpenda.ch\/de\/projet\/strasse-winkelried-8\/"]}]},{"@type":"BreadcrumbList","@id":"https:\/\/alpenda.ch\/de\/projet\/strasse-winkelried-8\/#breadcrumb","itemListElement":[{"@type":"ListItem","position":1,"name":"Accueil","item":"https:\/\/alpenda.ch\/de\/startseite\/"},{"@type":"ListItem","position":2,"name":"Références","item":"https:\/\/alpenda.ch\/de\/projet\/"},{"@type":"ListItem","position":3,"name":"Straße Winkelried 8"}]},{"@type":"WebSite","@id":"https:\/\/alpenda.ch\/de\/#website","url":"https:\/\/alpenda.ch\/de\/","name":"Alpenda","description":"Avec Alpenda, numéro un des ET\/EG en Suisse romande, nous proposons dans la région des prestations architecturales variées pour la réalisation d’immeubles.","potentialAction":[{"@type":"SearchAction","target":{"@type":"EntryPoint","urlTemplate":"https:\/\/alpenda.ch\/de\/?s={search_term_string}"},"query-input":{"@type":"PropertyValueSpecification","valueRequired":true,"valueName":"search_term_string"}}],"inLanguage":"de"}]}</script>
<!-- / Yoast SEO plugin. -->

Straße Winkelried 8 - Alpenda

Références

Avec Alpenda, numéro un des ET/EG en Suisse romande, nous proposons dans la région des prestations architecturales variées pour la réalisation d’immeubles.
