{"id":10396,"date":"2024-07-02T09:59:12","date_gmt":"2024-07-02T07:59:12","guid":{"rendered":"https:\/\/alpenda.ch\/projet\/terreaux-12\/"},"modified":"2025-07-16T13:47:17","modified_gmt":"2025-07-16T11:47:17","slug":"terreaux-12","status":"publish","type":"reference","link":"https:\/\/alpenda.ch\/en\/projet\/terreaux-12\/","title":{"rendered":"Terreaux 12"},"template":"","reference_type":[415],"building_type":[412],"reference_canton":[422],"reference_city":[438],"class_list":["post-10396","reference","type-reference","status-publish","hentry","reference_type-nine","building_type-residential","reference_canton-vaud-en","reference_city-la-tour-de-peilz-en"],"acf":[],"yoast_head":"<!-- This site is optimized with the Yoast SEO plugin v28.4 - https:\/\/yoast.com\/product\/yoast-seo-wordpress\/ -->\n<title>Terreaux 12 - Alpenda<\/title>\n<meta name=\"robots\" content=\"index, follow, max-snippet:-1, max-image-preview:large, max-video-preview:-1\" \/>\n<link rel=\"canonical\" href=\"https:\/\/alpenda.ch\/en\/projet\/terreaux-12\/\" \/>\n<meta property=\"og:locale\" content=\"en_US\" \/>\n<meta property=\"og:type\" content=\"article\" \/>\n<meta property=\"og:title\" content=\"Terreaux 12 - Alpenda\" \/>\n<meta property=\"og:url\" content=\"https:\/\/alpenda.ch\/en\/projet\/terreaux-12\/\" \/>\n<meta property=\"og:site_name\" content=\"Alpenda\" \/>\n<meta property=\"article:modified_time\" content=\"2025-07-16T11:47:17+00:00\" \/>\n<meta name=\"twitter:card\" content=\"summary_large_image\" \/>\n<script type=\"application\/ld+json\" class=\"yoast-schema-graph\">{\"@context\":\"https:\\\/\\\/schema.org\",\"@graph\":[{\"@type\":\"WebPage\",\"@id\":\"https:\\\/\\\/alpenda.ch\\\/en\\\/projet\\\/terreaux-12\\\/\",\"url\":\"https:\\\/\\\/alpenda.ch\\\/en\\\/projet\\\/terreaux-12\\\/\",\"name\":\"Terreaux 12 - Alpenda\",\"isPartOf\":{\"@id\":\"https:\\\/\\\/alpenda.ch\\\/en\\\/#website\"},\"datePublished\":\"2024-07-02T07:59:12+00:00\",\"dateModified\":\"2025-07-16T11:47:17+00:00\",\"breadcrumb\":{\"@id\":\"https:\\\/\\\/alpenda.ch\\\/en\\\/projet\\\/terreaux-12\\\/#breadcrumb\"},\"inLanguage\":\"en-US\",\"potentialAction\":[{\"@type\":\"ReadAction\",\"target\":[\"https:\\\/\\\/alpenda.ch\\\/en\\\/projet\\\/terreaux-12\\\/\"]}]},{\"@type\":\"BreadcrumbList\",\"@id\":\"https:\\\/\\\/alpenda.ch\\\/en\\\/projet\\\/terreaux-12\\\/#breadcrumb\",\"itemListElement\":[{\"@type\":\"ListItem\",\"position\":1,\"name\":\"Accueil\",\"item\":\"https:\\\/\\\/alpenda.ch\\\/en\\\/home\\\/\"},{\"@type\":\"ListItem\",\"position\":2,\"name\":\"R\u00e9f\u00e9rences\",\"item\":\"https:\\\/\\\/alpenda.ch\\\/en\\\/projet\\\/\"},{\"@type\":\"ListItem\",\"position\":3,\"name\":\"Terreaux 12\"}]},{\"@type\":\"WebSite\",\"@id\":\"https:\\\/\\\/alpenda.ch\\\/en\\\/#website\",\"url\":\"https:\\\/\\\/alpenda.ch\\\/en\\\/\",\"name\":\"Alpenda\",\"description\":\"Avec Alpenda, num\u00e9ro un des ET\\\/EG en Suisse romande, nous proposons dans la r\u00e9gion des prestations architecturales vari\u00e9es pour la r\u00e9alisation d\u2019immeubles.\",\"potentialAction\":[{\"@type\":\"SearchAction\",\"target\":{\"@type\":\"EntryPoint\",\"urlTemplate\":\"https:\\\/\\\/alpenda.ch\\\/en\\\/?s={search_term_string}\"},\"query-input\":{\"@type\":\"PropertyValueSpecification\",\"valueRequired\":true,\"valueName\":\"search_term_string\"}}],\"inLanguage\":\"en-US\"}]}<\/script>\n<!-- \/ Yoast SEO plugin. -->","yoast_head_json":{"title":"Terreaux 12 - Alpenda","robots":{"index":"index","follow":"follow","max-snippet":"max-snippet:-1","max-image-preview":"max-image-preview:large","max-video-preview":"max-video-preview:-1"},"canonical":"https:\/\/alpenda.ch\/en\/projet\/terreaux-12\/","og_locale":"en_US","og_type":"article","og_title":"Terreaux 12 - Alpenda","og_url":"https:\/\/alpenda.ch\/en\/projet\/terreaux-12\/","og_site_name":"Alpenda","article_modified_time":"2025-07-16T11:47:17+00:00","twitter_card":"summary_large_image","schema":{"@context":"https:\/\/schema.org","@graph":[{"@type":"WebPage","@id":"https:\/\/alpenda.ch\/en\/projet\/terreaux-12\/","url":"https:\/\/alpenda.ch\/en\/projet\/terreaux-12\/","name":"Terreaux 12 - Alpenda","isPartOf":{"@id":"https:\/\/alpenda.ch\/en\/#website"},"datePublished":"2024-07-02T07:59:12+00:00","dateModified":"2025-07-16T11:47:17+00:00","breadcrumb":{"@id":"https:\/\/alpenda.ch\/en\/projet\/terreaux-12\/#breadcrumb"},"inLanguage":"en-US","potentialAction":[{"@type":"ReadAction","target":["https:\/\/alpenda.ch\/en\/projet\/terreaux-12\/"]}]},{"@type":"BreadcrumbList","@id":"https:\/\/alpenda.ch\/en\/projet\/terreaux-12\/#breadcrumb","itemListElement":[{"@type":"ListItem","position":1,"name":"Accueil","item":"https:\/\/alpenda.ch\/en\/home\/"},{"@type":"ListItem","position":2,"name":"R\u00e9f\u00e9rences","item":"https:\/\/alpenda.ch\/en\/projet\/"},{"@type":"ListItem","position":3,"name":"Terreaux 12"}]},{"@type":"WebSite","@id":"https:\/\/alpenda.ch\/en\/#website","url":"https:\/\/alpenda.ch\/en\/","name":"Alpenda","description":"Avec Alpenda, num\u00e9ro un des ET\/EG en Suisse romande, nous proposons dans la r\u00e9gion des prestations architecturales vari\u00e9es pour la r\u00e9alisation d\u2019immeubles.","potentialAction":[{"@type":"SearchAction","target":{"@type":"EntryPoint","urlTemplate":"https:\/\/alpenda.ch\/en\/?s={search_term_string}"},"query-input":{"@type":"PropertyValueSpecification","valueRequired":true,"valueName":"search_term_string"}}],"inLanguage":"en-US"}]}},"_links":{"self":[{"href":"https:\/\/alpenda.ch\/en\/wp-json\/wp\/v2\/reference\/10396","targetHints":{"allow":["GET"]}}],"collection":[{"href":"https:\/\/alpenda.ch\/en\/wp-json\/wp\/v2\/reference"}],"about":[{"href":"https:\/\/alpenda.ch\/en\/wp-json\/wp\/v2\/types\/reference"}],"wp:attachment":[{"href":"https:\/\/alpenda.ch\/en\/wp-json\/wp\/v2\/media?parent=10396"}],"wp:term":[{"taxonomy":"reference_type","embeddable":true,"href":"https:\/\/alpenda.ch\/en\/wp-json\/wp\/v2\/reference_type?post=10396"},{"taxonomy":"building_type","embeddable":true,"href":"https:\/\/alpenda.ch\/en\/wp-json\/wp\/v2\/building_type?post=10396"},{"taxonomy":"reference_canton","embeddable":true,"href":"https:\/\/alpenda.ch\/en\/wp-json\/wp\/v2\/reference_canton?post=10396"},{"taxonomy":"reference_city","embeddable":true,"href":"https:\/\/alpenda.ch\/en\/wp-json\/wp\/v2\/reference_city?post=10396"}],"curies":[{"name":"wp","href":"https:\/\/api.w.org\/{rel}","templated":true}]}}

<!-- This site is optimized with the Yoast SEO plugin v28.4 - https://yoast.com/product/yoast-seo-wordpress/ -->
<title>Terreaux 12 - Alpenda</title>
<meta name="robots" content="index, follow, max-snippet:-1, max-image-preview:large, max-video-preview:-1" />
<link rel="canonical" href="https://alpenda.ch/en/projet/terreaux-12/" />
<meta property="og:locale" content="en_US" />
<meta property="og:type" content="article" />
<meta property="og:title" content="Terreaux 12 - Alpenda" />
<meta property="og:url" content="https://alpenda.ch/en/projet/terreaux-12/" />
<meta property="og:site_name" content="Alpenda" />
<meta property="article:modified_time" content="2025-07-16T11:47:17+00:00" />
<meta name="twitter:card" content="summary_large_image" />
<script type="application/ld+json" class="yoast-schema-graph">{"@context":"https:\/\/schema.org","@graph":[{"@type":"WebPage","@id":"https:\/\/alpenda.ch\/en\/projet\/terreaux-12\/","url":"https:\/\/alpenda.ch\/en\/projet\/terreaux-12\/","name":"Terreaux 12 - Alpenda","isPartOf":{"@id":"https:\/\/alpenda.ch\/en\/#website"},"datePublished":"2024-07-02T07:59:12+00:00","dateModified":"2025-07-16T11:47:17+00:00","breadcrumb":{"@id":"https:\/\/alpenda.ch\/en\/projet\/terreaux-12\/#breadcrumb"},"inLanguage":"en-US","potentialAction":[{"@type":"ReadAction","target":["https:\/\/alpenda.ch\/en\/projet\/terreaux-12\/"]}]},{"@type":"BreadcrumbList","@id":"https:\/\/alpenda.ch\/en\/projet\/terreaux-12\/#breadcrumb","itemListElement":[{"@type":"ListItem","position":1,"name":"Accueil","item":"https:\/\/alpenda.ch\/en\/home\/"},{"@type":"ListItem","position":2,"name":"Références","item":"https:\/\/alpenda.ch\/en\/projet\/"},{"@type":"ListItem","position":3,"name":"Terreaux 12"}]},{"@type":"WebSite","@id":"https:\/\/alpenda.ch\/en\/#website","url":"https:\/\/alpenda.ch\/en\/","name":"Alpenda","description":"Avec Alpenda, numéro un des ET\/EG en Suisse romande, nous proposons dans la région des prestations architecturales variées pour la réalisation d’immeubles.","potentialAction":[{"@type":"SearchAction","target":{"@type":"EntryPoint","urlTemplate":"https:\/\/alpenda.ch\/en\/?s={search_term_string}"},"query-input":{"@type":"PropertyValueSpecification","valueRequired":true,"valueName":"search_term_string"}}],"inLanguage":"en-US"}]}</script>
<!-- / Yoast SEO plugin. -->

Références

Avec Alpenda, numéro un des ET/EG en Suisse romande, nous proposons dans la région des prestations architecturales variées pour la réalisation d’immeubles.
